{"id":36123,"date":"2018-01-24T17:03:53","date_gmt":"2018-01-24T16:03:53","guid":{"rendered":"https:\/\/test.opusurbain.com\/?page_id=36123"},"modified":"2018-06-28T11:54:36","modified_gmt":"2018-06-28T09:54:36","slug":"philosophie","status":"publish","type":"page","link":"https:\/\/test.opusurbain.com\/index.php\/philosophie\/","title":{"rendered":"Philosophie"},"content":{"rendered":"<p>[et_pb_section bb_built=\u00a0\u00bb1&Prime; admin_label=\u00a0\u00bbSection &#8211; 5-14 Content Divi Layout Kit\u00a0\u00bb module_class=\u00a0\u00bbcontent5&Prime; custom_padding_last_edited=\u00a0\u00bbon|tablet\u00a0\u00bb _builder_version=\u00a0\u00bb3.0.92&Prime; custom_padding=\u00a0\u00bb|0px||\u00a0\u00bb custom_padding_tablet=\u00a0\u00bb|0px|0px|\u00a0\u00bb custom_css_main_element=\u00a0\u00bb overflow: visible;|| z-index: 5;|| margin-bottom: 7.2vw;\u00a0\u00bb][et_pb_row _builder_version=\u00a0\u00bb3.0.47&Prime; background_size=\u00a0\u00bbinitial\u00a0\u00bb background_position=\u00a0\u00bbtop_left\u00a0\u00bb background_repeat=\u00a0\u00bbrepeat\u00a0\u00bb][et_pb_column type=\u00a0\u00bb4_4&Prime;][et_pb_post_title meta=\u00a0\u00bboff\u00a0\u00bb featured_image=\u00a0\u00bboff\u00a0\u00bb _builder_version=\u00a0\u00bb3.0.92&Prime; \/][\/et_pb_column][\/et_pb_row][et_pb_row admin_label=\u00a0\u00bbRow &#8211; 5-14 Content Divi Layout Kit\u00a0\u00bb use_custom_width=\u00a0\u00bbon\u00a0\u00bb custom_width_px=\u00a0\u00bb1550px\u00a0\u00bb custom_padding=\u00a0\u00bb3vw||178px|\u00a0\u00bb parallax_method_1=\u00a0\u00bboff\u00a0\u00bb parallax_method_2=\u00a0\u00bboff\u00a0\u00bb _builder_version=\u00a0\u00bb3.0.92&Prime; background_size=\u00a0\u00bbinitial\u00a0\u00bb background_position=\u00a0\u00bbtop_left\u00a0\u00bb background_repeat=\u00a0\u00bbrepeat\u00a0\u00bb use_custom_gutter=\u00a0\u00bbon\u00a0\u00bb gutter_width=\u00a0\u00bb4&Prime;][et_pb_column type=\u00a0\u00bb2_3&Prime;][et_pb_text admin_label=\u00a0\u00bbText &#8211; Lorem ipsum\u00a0\u00bb _builder_version=\u00a0\u00bb3.0.92&Prime; header_font_size=\u00a0\u00bb31px\u00a0\u00bb background_size=\u00a0\u00bbinitial\u00a0\u00bb background_position=\u00a0\u00bbtop_left\u00a0\u00bb background_repeat=\u00a0\u00bbrepeat\u00a0\u00bb text_orientation=\u00a0\u00bbjustified\u00a0\u00bb background_layout=\u00a0\u00bblight\u00a0\u00bb]<\/p>\n<div class=\"page\" title=\"Page 2\">\n<div class=\"layoutArea\">\n<div class=\"column\">\n<h2><span style=\"font-size: x-large;\"><strong>Une \u00e9nergie au service des acteurs du territoire et des enjeux contemporains<\/strong><\/span><\/h2>\n<p>&nbsp;<\/p>\n<\/div>\n<div class=\"cadre-vert\"><strong>O<\/strong><strong>PUS URBAIN<\/strong> est une agence de <strong>paysage &amp; d\u2019urbanisme, <\/strong>cr\u00e9e en 2017, qui s\u2019appuie sur une exp\u00e9rience de plus de quinze ans en mati\u00e8re<strong> d\u2019am\u00e9nagement d\u2019espaces publics et priv\u00e9s \u00e0 forte valeur ajout\u00e9e, de paysage et d\u2019urbanisme.<\/strong><\/div>\n<p>&nbsp;<\/p>\n<p>La mutation des territoires, de l\u2019\u00e9conomie, des modes de vie, notre responsabilit\u00e9 \u00e0 l\u2019\u00e9gard de notre environnement implique une <strong>r\u00e9flexion transversale capable d\u2019accompagner ces changements \u00e0 travers les territoires.<\/strong><\/p>\n<p>C\u2019est avec conviction et \u00e9nergie, qu\u2019<strong>O<\/strong><strong>PUS URBAIN<\/strong> porte <strong>une vision urbaine transversale<\/strong>, capable de valoriser cette \u00e9volution. Il s\u2019agit, \u00e0 travers une <strong>action positive, exigeante et partag\u00e9e<\/strong> de mettre en \u0153uvre les projets capables d\u2019<strong>appuyer le d\u00e9veloppement futur des communes, d\u2019accro\u00eetre l\u2019attractivit\u00e9 des centralit\u00e9s et g\u00e9n\u00e9rer<\/strong> <strong>un cadre de vie vertueux, qui participe au bien \u00eatre de tous.<\/strong><\/p>\n<p>Que ce soit \u00e0 travers la pr\u00e9figuration de nouveaux quartiers, la valorisation de secteurs patrimoniaux, la cr\u00e9ation d\u2019espaces publics de r\u00e9f\u00e9rences ou la cr\u00e9ation de parcs, <strong>l\u2019agence <\/strong><strong>O<\/strong><strong>PUS URBAIN<\/strong> se met aux c\u00f4t\u00e9s de l\u2019action publique, des collectivit\u00e9s et des acteurs priv\u00e9s, pour faire \u00e9merger <strong>des lieux de vie attractifs, conviviaux, porteurs de sens <\/strong>et<strong> responsables.<\/strong><\/p>\n<p><em>Architecte- Paysagiste\u00a0 et Urbaniste OPQU, Nicolas VAN BEVER, pr\u00e9sident D\u2019OPUS URBAIN, porte activement et avec passion depuis\u00a0 plus de 15 ans, des projets d\u2019envergure en France et \u00e0 l\u2019\u00e9tranger\u00a0: centre ville de Fontainebleau (2007-2020), centre historique d\u2019Evreux (2016-2022), Pr\u00e9figuration du nouveau quartier \u00ab\u00a0Antonypole\u00a0\u00bb (Grand Paris Express- l18), \u00c9cole d\u2019\u00c9tat Major de Compi\u00e8gne, parc de Cenon, parc de l\u2019\u00cele de Monsieur etc. <\/em><\/p>\n<div class=\"column\"><\/div>\n<\/div>\n<\/div>\n<p>[\/et_pb_text][et_pb_image _builder_version=\u00a0\u00bb3.0.92&Prime; src=\u00a0\u00bbhttps:\/\/test.opusurbain.com\/wp-content\/uploads\/2018\/05\/OPUS_pr\u00e9sentation-1.jpg\u00a0\u00bb show_in_lightbox=\u00a0\u00bboff\u00a0\u00bb url_new_window=\u00a0\u00bboff\u00a0\u00bb use_overlay=\u00a0\u00bboff\u00a0\u00bb always_center_on_mobile=\u00a0\u00bbon\u00a0\u00bb force_fullwidth=\u00a0\u00bboff\u00a0\u00bb show_bottom_space=\u00a0\u00bbon\u00a0\u00bb \/][\/et_pb_column][et_pb_column type=\u00a0\u00bb1_3&Prime;][et_pb_image admin_label=\u00a0\u00bbImage 700&#215;450 Pixels\u00a0\u00bb src=\u00a0\u00bbhttps:\/\/test.opusurbain.com\/wp-content\/uploads\/2017\/12\/nicolasvanbever.jpg\u00a0\u00bb module_class=\u00a0\u00bbet_animated\u00a0\u00bb _builder_version=\u00a0\u00bb3.0.92&Prime; max_width=\u00a0\u00bb55%\u00a0\u00bb animation_style=\u00a0\u00bbslide\u00a0\u00bb animation_direction=\u00a0\u00bbleft\u00a0\u00bb animation_duration=\u00a0\u00bb500ms\u00a0\u00bb animation_intensity_slide=\u00a0\u00bb10%\u00a0\u00bb show_in_lightbox=\u00a0\u00bboff\u00a0\u00bb url_new_window=\u00a0\u00bboff\u00a0\u00bb use_overlay=\u00a0\u00bboff\u00a0\u00bb align=\u00a0\u00bbleft\u00a0\u00bb always_center_on_mobile=\u00a0\u00bbon\u00a0\u00bb force_fullwidth=\u00a0\u00bboff\u00a0\u00bb show_bottom_space=\u00a0\u00bbon\u00a0\u00bb \/][et_pb_text _builder_version=\u00a0\u00bb3.0.92&Prime; background_layout=\u00a0\u00bblight\u00a0\u00bb custom_margin=\u00a0\u00bb|50px||\u00a0\u00bb]<\/p>\n<p><span class=\"numero\">&gt;<\/span> Architecte-Paysagiste dipl\u00f4m\u00e9 de l&rsquo;Ecole Sup\u00e9rieure d&rsquo;Architecture des Jardins &#8211; E.S.A.J 2002<\/p>\n<p><span class=\"numero\">&gt;<\/span> Cr\u00e9ation d&rsquo;OPUS URBAIN : 2017<\/p>\n<p><span class=\"numero\">&gt;<\/span> Dipl\u00f4me d&rsquo;urbaniste OPQU -2018<\/p>\n<p>[\/et_pb_text][\/et_pb_column][\/et_pb_row][\/et_pb_section][et_pb_section bb_built=\u00a0\u00bb1&Prime; fullwidth=\u00a0\u00bboff\u00a0\u00bb specialty=\u00a0\u00bboff\u00a0\u00bb][et_pb_row][et_pb_column type=\u00a0\u00bb4_4&Prime;][\/et_pb_column][\/et_pb_row][\/et_pb_section]<\/p>\n","protected":false},"excerpt":{"rendered":"<p>Une \u00e9nergie au service des acteurs du territoire et des enjeux contemporains &nbsp; OPUS URBAIN est une agence de paysage &amp; d\u2019urbanisme, cr\u00e9e en 2017, qui s\u2019appuie sur une exp\u00e9rience de plus de quinze ans en mati\u00e8re d\u2019am\u00e9nagement d\u2019espaces publics et priv\u00e9s \u00e0 forte valeur ajout\u00e9e, de paysage et d\u2019urbanisme. &nbsp; La mutation des territoires, [&hellip;]<\/p>\n","protected":false},"author":1,"featured_media":0,"parent":0,"menu_order":0,"comment_status":"closed","ping_status":"closed","template":"","meta":{"_et_pb_use_builder":"on","_et_pb_old_content":"","_et_gb_content_width":""},"yoast_head":"<!-- This site is optimized with the Yoast SEO plugin v19.11 - https:\/\/yoast.com\/wordpress\/plugins\/seo\/ -->\n<title>Philosophie - Opus Urbain<\/title>\n<meta name=\"robots\" content=\"index, follow, max-snippet:-1, max-image-preview:large, max-video-preview:-1\" \/>\n<link rel=\"canonical\" href=\"https:\/\/test.opusurbain.com\/index.php\/philosophie\/\" \/>\n<meta property=\"og:locale\" content=\"fr_FR\" \/>\n<meta property=\"og:type\" content=\"article\" \/>\n<meta property=\"og:title\" content=\"Philosophie - Opus Urbain\" \/>\n<meta property=\"og:description\" content=\"Une \u00e9nergie au service des acteurs du territoire et des enjeux contemporains &nbsp; OPUS URBAIN est une agence de paysage &amp; d\u2019urbanisme, cr\u00e9e en 2017, qui s\u2019appuie sur une exp\u00e9rience de plus de quinze ans en mati\u00e8re d\u2019am\u00e9nagement d\u2019espaces publics et priv\u00e9s \u00e0 forte valeur ajout\u00e9e, de paysage et d\u2019urbanisme. &nbsp; La mutation des territoires, [&hellip;]\" \/>\n<meta property=\"og:url\" content=\"https:\/\/test.opusurbain.com\/index.php\/philosophie\/\" \/>\n<meta property=\"og:site_name\" content=\"Opus Urbain\" \/>\n<meta property=\"article:modified_time\" content=\"2018-06-28T09:54:36+00:00\" \/>\n<meta name=\"twitter:card\" content=\"summary_large_image\" \/>\n<meta name=\"twitter:label1\" content=\"Dur\u00e9e de lecture estim\u00e9e\" \/>\n\t<meta name=\"twitter:data1\" content=\"3 minutes\" \/>\n<script type=\"application\/ld+json\" class=\"yoast-schema-graph\">{\"@context\":\"https:\/\/schema.org\",\"@graph\":[{\"@type\":\"WebPage\",\"@id\":\"https:\/\/test.opusurbain.com\/index.php\/philosophie\/\",\"url\":\"https:\/\/test.opusurbain.com\/index.php\/philosophie\/\",\"name\":\"Philosophie - Opus Urbain\",\"isPartOf\":{\"@id\":\"https:\/\/test.opusurbain.com\/#website\"},\"datePublished\":\"2018-01-24T16:03:53+00:00\",\"dateModified\":\"2018-06-28T09:54:36+00:00\",\"breadcrumb\":{\"@id\":\"https:\/\/test.opusurbain.com\/index.php\/philosophie\/#breadcrumb\"},\"inLanguage\":\"fr-FR\",\"potentialAction\":[{\"@type\":\"ReadAction\",\"target\":[\"https:\/\/test.opusurbain.com\/index.php\/philosophie\/\"]}]},{\"@type\":\"BreadcrumbList\",\"@id\":\"https:\/\/test.opusurbain.com\/index.php\/philosophie\/#breadcrumb\",\"itemListElement\":[{\"@type\":\"ListItem\",\"position\":1,\"name\":\"Accueil\",\"item\":\"https:\/\/test.opusurbain.com\/\"},{\"@type\":\"ListItem\",\"position\":2,\"name\":\"Philosophie\"}]},{\"@type\":\"WebSite\",\"@id\":\"https:\/\/test.opusurbain.com\/#website\",\"url\":\"https:\/\/test.opusurbain.com\/\",\"name\":\"Opus Urbain\",\"description\":\"paysage\/urbanisme\/\u00e9cologie\",\"potentialAction\":[{\"@type\":\"SearchAction\",\"target\":{\"@type\":\"EntryPoint\",\"urlTemplate\":\"https:\/\/test.opusurbain.com\/?s={search_term_string}\"},\"query-input\":\"required name=search_term_string\"}],\"inLanguage\":\"fr-FR\"}]}<\/script>\n<!-- \/ Yoast SEO plugin. -->","yoast_head_json":{"title":"Philosophie - Opus Urbain","robots":{"index":"index","follow":"follow","max-snippet":"max-snippet:-1","max-image-preview":"max-image-preview:large","max-video-preview":"max-video-preview:-1"},"canonical":"https:\/\/test.opusurbain.com\/index.php\/philosophie\/","og_locale":"fr_FR","og_type":"article","og_title":"Philosophie - Opus Urbain","og_description":"Une \u00e9nergie au service des acteurs du territoire et des enjeux contemporains &nbsp; OPUS URBAIN est une agence de paysage &amp; d\u2019urbanisme, cr\u00e9e en 2017, qui s\u2019appuie sur une exp\u00e9rience de plus de quinze ans en mati\u00e8re d\u2019am\u00e9nagement d\u2019espaces publics et priv\u00e9s \u00e0 forte valeur ajout\u00e9e, de paysage et d\u2019urbanisme. &nbsp; La mutation des territoires, [&hellip;]","og_url":"https:\/\/test.opusurbain.com\/index.php\/philosophie\/","og_site_name":"Opus Urbain","article_modified_time":"2018-06-28T09:54:36+00:00","twitter_card":"summary_large_image","twitter_misc":{"Dur\u00e9e de lecture estim\u00e9e":"3 minutes"},"schema":{"@context":"https:\/\/schema.org","@graph":[{"@type":"WebPage","@id":"https:\/\/test.opusurbain.com\/index.php\/philosophie\/","url":"https:\/\/test.opusurbain.com\/index.php\/philosophie\/","name":"Philosophie - Opus Urbain","isPartOf":{"@id":"https:\/\/test.opusurbain.com\/#website"},"datePublished":"2018-01-24T16:03:53+00:00","dateModified":"2018-06-28T09:54:36+00:00","breadcrumb":{"@id":"https:\/\/test.opusurbain.com\/index.php\/philosophie\/#breadcrumb"},"inLanguage":"fr-FR","potentialAction":[{"@type":"ReadAction","target":["https:\/\/test.opusurbain.com\/index.php\/philosophie\/"]}]},{"@type":"BreadcrumbList","@id":"https:\/\/test.opusurbain.com\/index.php\/philosophie\/#breadcrumb","itemListElement":[{"@type":"ListItem","position":1,"name":"Accueil","item":"https:\/\/test.opusurbain.com\/"},{"@type":"ListItem","position":2,"name":"Philosophie"}]},{"@type":"WebSite","@id":"https:\/\/test.opusurbain.com\/#website","url":"https:\/\/test.opusurbain.com\/","name":"Opus Urbain","description":"paysage\/urbanisme\/\u00e9cologie","potentialAction":[{"@type":"SearchAction","target":{"@type":"EntryPoint","urlTemplate":"https:\/\/test.opusurbain.com\/?s={search_term_string}"},"query-input":"required name=search_term_string"}],"inLanguage":"fr-FR"}]}},"_links":{"self":[{"href":"https:\/\/test.opusurbain.com\/index.php\/wp-json\/wp\/v2\/pages\/36123"}],"collection":[{"href":"https:\/\/test.opusurbain.com\/index.php\/wp-json\/wp\/v2\/pages"}],"about":[{"href":"https:\/\/test.opusurbain.com\/index.php\/wp-json\/wp\/v2\/types\/page"}],"author":[{"embeddable":true,"href":"https:\/\/test.opusurbain.com\/index.php\/wp-json\/wp\/v2\/users\/1"}],"replies":[{"embeddable":true,"href":"https:\/\/test.opusurbain.com\/index.php\/wp-json\/wp\/v2\/comments?post=36123"}],"version-history":[{"count":41,"href":"https:\/\/test.opusurbain.com\/index.php\/wp-json\/wp\/v2\/pages\/36123\/revisions"}],"predecessor-version":[{"id":36515,"href":"https:\/\/test.opusurbain.com\/index.php\/wp-json\/wp\/v2\/pages\/36123\/revisions\/36515"}],"wp:attachment":[{"href":"https:\/\/test.opusurbain.com\/index.php\/wp-json\/wp\/v2\/media?parent=36123"}],"curies":[{"name":"wp","href":"https:\/\/api.w.org\/{rel}","templated":true}]}}